{"id":23,"date":"2020-03-15T17:58:56","date_gmt":"2020-03-15T17:58:56","guid":{"rendered":"http:\/\/nordlichtblog.de\/?page_id=23"},"modified":"2020-03-25T23:14:42","modified_gmt":"2020-03-25T22:14:42","slug":"schatzkiste","status":"publish","type":"page","link":"http:\/\/nordlichtblog.de\/?page_id=23","title":{"rendered":"Schatzkiste"},"content":{"rendered":"\n<p style=\"color:#000000\" class=\"has-text-color\">Auf dieser Seite will ich gar nicht gro\u00df schreiben, sondern nur  interessante Filme, Zeitungsartikel und andere spannende Dinge, die mir  so \u00fcber den Weg gelaufen sind, verlinken. Zum Ansehen der Videos oder Artikel, einfach auf die Zeile klicken. Ich w\u00fcnsche Euch viel Spa\u00df und  interessante Stunden damit! <\/p>\n\n\n\n<p style=\"color:#000000\" class=\"has-text-color has-normal-font-size\"><strong>Dokus:<\/strong><\/p>\n\n\n\n<ul class=\"wp-block-list\"><li><a rel=\"noreferrer noopener\" href=\"http:\/\/www.youtube.com\/watch?v=eayNXQklXN0\" target=\"_blank\">Soziale Arbeit live: Der Stra\u00dfenchor Berlin<\/a> <\/li><li><a rel=\"noreferrer noopener\" href=\"http:\/\/www.dailymotion.com\/video\/xqjbli_wwf-und-der-pakt-mit-dem-panda-und-monsanto_news\" target=\"_blank\">Die L\u00fcgen des WWFs<\/a> <\/li><li><a rel=\"noreferrer noopener\" href=\"http:\/\/www.youtube.com\/watch?v=RGJ2jTulxYE\" target=\"_blank\">Kreuzfahrt undercover<\/a> <\/li><\/ul>\n\n\n\n<p style=\"color:#000000\" class=\"has-text-color has-normal-font-size\"><strong>Zeitungsartikel:<\/strong><br>alle, die in irgend einer Art und Weise mit Menschen mit Behinderungen zu tun haben, sollten diese Serie mal lesen: <\/p>\n\n\n\n<ul class=\"wp-block-list\"><li><a rel=\"noreferrer noopener\" href=\"http:\/\/www.taz.de\/1\/archiv\/archiv\/?dig=2001\/04\/10\/a0118\" target=\"_blank\">Teil 1<\/a><\/li><li><a rel=\"noreferrer noopener\" href=\"http:\/\/www.taz.de\/1\/archiv\/?dig=2001\/04\/24\/a0133\" target=\"_blank\">Teil 2<\/a><\/li><li><a rel=\"noreferrer noopener\" href=\"http:\/\/www.taz.de\/1\/archiv\/archiv\/?dig=2001\/05\/02\/a0170\" target=\"_blank\">Teil 3<\/a><\/li><li><a rel=\"noreferrer noopener\" href=\"http:\/\/www.taz.de\/1\/archiv\/archiv\/?dig=2001\/05\/08\/a0120\" target=\"_blank\">Teil 4<\/a> <\/li><\/ul>\n\n\n\n<ul class=\"wp-block-list\"><li><a rel=\"noreferrer noopener\" href=\"http:\/\/www.zeit.de\/2011\/39\/Geistige-Behinderung-Genetik\" target=\"_blank\">Anna und die Denkfehler &#8211; ein Bericht \u00fcber das Leben eines M\u00e4dchens mit geistiger Behinderung<\/a><\/li><li><a rel=\"noreferrer noopener\" href=\"http:\/\/www.zeit.de\/2012\/03\/Kind-Behinderung\" target=\"_blank\">Dass es dich gibt&#8230; Eltern berichten \u00fcber die Erfahrungen mit ihrem behinderten Kind.<\/a><\/li><li><a rel=\"noreferrer noopener\" href=\"http:\/\/www.zeit.de\/2015\/11\/erziehung-liberal-autoritaer-david-eberhard\" target=\"_blank\">so ziehen wir Rotzl\u00f6ffel heran &#8211; die Auswirkungen liberaler Erziehung<\/a><\/li><\/ul>\n\n\n\n<p style=\"color:#000000\" class=\"has-text-color\"><strong>Kinder &#8211; Jugend &#8211; Erziehung &#8211; Schule<\/strong><\/p>\n\n\n\n<ul class=\"wp-block-list\"><li><a rel=\"noreferrer noopener\" href=\"http:\/\/www.zeit.de\/2015\/34\/kinder-freiraum-freiheit-abenteuer\" target=\"_blank\">Wo ist das Abenteuerland? Oder: warum unbeaufsichtigtes Spielen wichtig ist.<\/a><\/li><li><a href=\"http:\/\/www.zeit.de\/2015\/34\/natur-wald-entwicklung-kinder\">Wald- und Wiesenp\u00e4dagogik &#8211; Natur als Klassenzimmer und Entwicklungsraum<\/a><\/li><li><a rel=\"noreferrer noopener\" href=\"http:\/\/www.zeit.de\/2011\/22\/DOS-G8\" target=\"_blank\">Liebe Sophie&#8230; \u00fcber das Leben der Sch\u00fcler von heute<\/a><\/li><li><a rel=\"noreferrer noopener\" href=\"http:\/\/www.zeit.de\/2014\/24\/japan-jugend-sex\" target=\"_blank\">Jugend ohne Sex &#8211; lieblose Generation?<\/a><\/li><\/ul>\n\n\n\n<p style=\"color:#000000\" class=\"has-text-color\"><strong>Auch interessant:<\/strong><\/p>\n\n\n\n<ul class=\"wp-block-list\"><li><a href=\"http:\/\/www.spiegel.de\/spiegel\/print\/d-68525307.html\">Konkurrenz f\u00fcr Gott &#8211; Sch\u00f6pfung im Labor<\/a><\/li><li><a rel=\"noreferrer noopener\" href=\"http:\/\/www.zeit.de\/2013\/33\/arbeitsmarkt-jobwunder-leiharbeit-niedriglohn\/komplettansicht\" target=\"_blank\">&#8230;und raus bist du! Die Schattenseiten des deutschen Jobwunders<\/a><\/li><li><a href=\"http:\/\/www.zeit.de\/2012\/44\/Sexualitaet-Paedophilie-Therapie\">der Getriebene &#8211; P\u00e4dophilie mal anders betrachtet<\/a><\/li><\/ul>\n","protected":false},"excerpt":{"rendered":"<p>Auf dieser Seite will ich gar nicht gro\u00df schreiben, sondern nur interessante Filme, Zeitungsartikel und andere spannende Dinge, die mir so \u00fcber den Weg gelaufen sind, verlinken. Zum Ansehen der Videos oder Artikel, einfach auf die Zeile klicken. Ich w\u00fcnsche Euch viel Spa\u00df und interessante Stunden damit! Dokus: Soziale Arbeit live: Der Stra\u00dfenchor Berlin Die&hellip;<\/p>\n","protected":false},"author":1,"featured_media":0,"parent":0,"menu_order":0,"comment_status":"closed","ping_status":"closed","template":"","meta":{"ngg_post_thumbnail":0,"footnotes":""},"class_list":["post-23","page","type-page","status-publish","hentry"],"_links":{"self":[{"href":"http:\/\/nordlichtblog.de\/index.php?rest_route=\/wp\/v2\/pages\/23","targetHints":{"allow":["GET"]}}],"collection":[{"href":"http:\/\/nordlichtblog.de\/index.php?rest_route=\/wp\/v2\/pages"}],"about":[{"href":"http:\/\/nordlichtblog.de\/index.php?rest_route=\/wp\/v2\/types\/page"}],"author":[{"embeddable":true,"href":"http:\/\/nordlichtblog.de\/index.php?rest_route=\/wp\/v2\/users\/1"}],"replies":[{"embeddable":true,"href":"http:\/\/nordlichtblog.de\/index.php?rest_route=%2Fwp%2Fv2%2Fcomments&post=23"}],"version-history":[{"count":5,"href":"http:\/\/nordlichtblog.de\/index.php?rest_route=\/wp\/v2\/pages\/23\/revisions"}],"predecessor-version":[{"id":1208,"href":"http:\/\/nordlichtblog.de\/index.php?rest_route=\/wp\/v2\/pages\/23\/revisions\/1208"}],"wp:attachment":[{"href":"http:\/\/nordlichtblog.de\/index.php?rest_route=%2Fwp%2Fv2%2Fmedia&parent=23"}],"curies":[{"name":"wp","href":"https:\/\/api.w.org\/{rel}","templated":true}]}}

<p style="color:#000000" class="has-text-color">Auf dieser Seite will ich gar nicht groß schreiben, sondern nur  interessante Filme, Zeitungsartikel und andere spannende Dinge, die mir  so über den Weg gelaufen sind, verlinken. Zum Ansehen der Videos oder Artikel, einfach auf die Zeile klicken. Ich wünsche Euch viel Spaß und  interessante Stunden damit! </p>



<p style="color:#000000" class="has-text-color has-normal-font-size"><strong>Dokus:</strong></p>



<ul class="wp-block-list"><li><a rel="noreferrer noopener" href="http://www.youtube.com/watch?v=eayNXQklXN0" target="_blank">Soziale Arbeit live: Der Straßenchor Berlin</a> </li><li><a rel="noreferrer noopener" href="http://www.dailymotion.com/video/xqjbli_wwf-und-der-pakt-mit-dem-panda-und-monsanto_news" target="_blank">Die Lügen des WWFs</a> </li><li><a rel="noreferrer noopener" href="http://www.youtube.com/watch?v=RGJ2jTulxYE" target="_blank">Kreuzfahrt undercover</a> </li></ul>



<p style="color:#000000" class="has-text-color has-normal-font-size"><strong>Zeitungsartikel:</strong><br>alle, die in irgend einer Art und Weise mit Menschen mit Behinderungen zu tun haben, sollten diese Serie mal lesen: </p>



<ul class="wp-block-list"><li><a rel="noreferrer noopener" href="http://www.taz.de/1/archiv/archiv/?dig=2001/04/10/a0118" target="_blank">Teil 1</a></li><li><a rel="noreferrer noopener" href="http://www.taz.de/1/archiv/?dig=2001/04/24/a0133" target="_blank">Teil 2</a></li><li><a rel="noreferrer noopener" href="http://www.taz.de/1/archiv/archiv/?dig=2001/05/02/a0170" target="_blank">Teil 3</a></li><li><a rel="noreferrer noopener" href="http://www.taz.de/1/archiv/archiv/?dig=2001/05/08/a0120" target="_blank">Teil 4</a> </li></ul>



<ul class="wp-block-list"><li><a rel="noreferrer noopener" href="http://www.zeit.de/2011/39/Geistige-Behinderung-Genetik" target="_blank">Anna und die Denkfehler &#8211; ein Bericht über das Leben eines Mädchens mit geistiger Behinderung</a></li><li><a rel="noreferrer noopener" href="http://www.zeit.de/2012/03/Kind-Behinderung" target="_blank">Dass es dich gibt&#8230; Eltern berichten über die Erfahrungen mit ihrem behinderten Kind.</a></li><li><a rel="noreferrer noopener" href="http://www.zeit.de/2015/11/erziehung-liberal-autoritaer-david-eberhard" target="_blank">so ziehen wir Rotzlöffel heran &#8211; die Auswirkungen liberaler Erziehung</a></li></ul>



<p style="color:#000000" class="has-text-color"><strong>Kinder &#8211; Jugend &#8211; Erziehung &#8211; Schule</strong></p>



<ul class="wp-block-list"><li><a rel="noreferrer noopener" href="http://www.zeit.de/2015/34/kinder-freiraum-freiheit-abenteuer" target="_blank">Wo ist das Abenteuerland? Oder: warum unbeaufsichtigtes Spielen wichtig ist.</a></li><li><a href="http://www.zeit.de/2015/34/natur-wald-entwicklung-kinder">Wald- und Wiesenpädagogik &#8211; Natur als Klassenzimmer und Entwicklungsraum</a></li><li><a rel="noreferrer noopener" href="http://www.zeit.de/2011/22/DOS-G8" target="_blank">Liebe Sophie&#8230; über das Leben der Schüler von heute</a></li><li><a rel="noreferrer noopener" href="http://www.zeit.de/2014/24/japan-jugend-sex" target="_blank">Jugend ohne Sex &#8211; lieblose Generation?</a></li></ul>



<p style="color:#000000" class="has-text-color"><strong>Auch interessant:</strong></p>



<ul class="wp-block-list"><li><a href="http://www.spiegel.de/spiegel/print/d-68525307.html">Konkurrenz für Gott &#8211; Schöpfung im Labor</a></li><li><a rel="noreferrer noopener" href="http://www.zeit.de/2013/33/arbeitsmarkt-jobwunder-leiharbeit-niedriglohn/komplettansicht" target="_blank">&#8230;und raus bist du! Die Schattenseiten des deutschen Jobwunders</a></li><li><a href="http://www.zeit.de/2012/44/Sexualitaet-Paedophilie-Therapie">der Getriebene &#8211; Pädophilie mal anders betrachtet</a></li></ul>

<p>Auf dieser Seite will ich gar nicht groß schreiben, sondern nur interessante Filme, Zeitungsartikel und andere spannende Dinge, die mir so über den Weg gelaufen sind, verlinken. Zum Ansehen der Videos oder Artikel, einfach auf die Zeile klicken. Ich wünsche Euch viel Spaß und interessante Stunden damit! Dokus: Soziale Arbeit live: Der Straßenchor Berlin Die&hellip;</p>
